ue
Does 8 divide 189232263?
False
Is 508 a factor of 141676154?
False
Is 13 a factor of 10326664?
False
Does 139 divide 2466138?
True
Is 774651498 a multiple of 439?
True
Is 282 a factor of 2436565164?
True
Does 12 divide 2130811?
False
Does 237 divide 15866422?
False
Is 115 a factor of 517078719?
False
Is 2167684136 a multiple of 14474?
True
Does 820 divide 142721820?
True
Is 1543 a factor of 3791281663?
False
Is 36146698 a multiple of 8?
False
Is 43717835 a multiple of 103?
True
Is 31511970 a multiple of 14?
True
Is 4 a factor of 23582800?
True
Is 81 a factor of 189649512?
True
Is 27439291 a multiple of 11?
True
Is 9 a factor of 5020523622?
True
Is 25230423 a multiple of 19?
True
Is 5264565 a multiple of 73?
False
Is 51 a factor of 323174824?
False
Does 205 divide 111306547?
False
Is 6 a factor of 9753895?
False
Does 1084 divide 27540391?
False
Is 99293811 a multiple of 4?
False
Is 8695730 a multiple of 95?
True
Does 184 divide 524974448?
True
Is 85700278 a multiple of 4813?
True
Is 27 a factor of 37839019?
False
Is 576 a factor of 136594564?
False
Does 13 divide 163041554?
True
Is 123 a factor of 7295342?
False
Does 3386 divide 261006626?
False
Does 8 divide 10066952?
True
Does 5 divide 1935724061?
False
Is 1836553613 a multiple of 129?
False
Is 28153060 a multiple of 410?
True
Is 34112287 a multiple of 11?
True
Is 29 a factor of 492853227?
False
Does 735 divide 256184255?
False
Does 53 divide 63437343?
True
Is 778 a factor of 99436411?
False
Is 95157240 a multiple of 107?
True
Does 44 divide 1227915696?
False
Is 20833502 a multiple of 615?
False
Is 3811596 a multiple of 4?
True
Is 9 a factor of 650325552?
False
Does 28 divide 96158608?
True
Does 600 divide 47474773?
False
Does 60 divide 16041288?
False
Is 7443161 a multiple of 17?
True
Is 256 a factor of 1098048048?
False
Does 26 divide 193164949?
False
Is 137999771 a multiple of 145?
False
Is 49 a factor of 2428047461?
True
Is 562227171 a multiple of 723?
False
Is 19547470 a multiple of 260?
False
Does 24 divide 5803373016?
True
Does 9145 divide 1593062644?
False
Is 2290 a factor of 398137038?
False
Does 1430 divide 3191304965?
False
Does 13 divide 3578700398?
True
Does 2151 divide 20324799?
True
Does 39 divide 1197350?
False
Does 96 divide 36096625?
False
Is 126 a factor of 6401797416?
True
Does 448 divide 17687488?
True
Is 372 a factor of 32612888?
False
Is 165659116 a multiple of 194?
False
Is 2113979550 a multiple of 50?
True
Is 2601830911 a multiple of 175?
False
Is 2044840 a multiple of 545?
True
Is 10521 a factor of 321848531?
False
Is 378785742 a multiple of 3334?
True
Is 1937717631 a multiple of 9?
True
Is 38410724 a multiple of 671?
True
Is 1661200 a multiple of 4?
True
Is 444864540 a multiple of 34?
False
Is 703 a factor of 1186148137?
False
Is 797323314 a multiple of 19?
False
Is 2237172675 a multiple of 3755?
True
Does 61 divide 1248818779?
True
Is 38810675 a multiple of 25?
True
Is 2227162242 a multiple of 751?
False
Does 23 divide 330851619?
True
Is 38087604 a multiple of 108?
True
Is 621165717 a multiple of 25?
False
Is 637 a factor of 350964292?
False
Is 25002773 a multiple of 40?
False
Does 5 divide 6775911?
False
Does 28 divide 346716328?
True
Is 111 a factor of 16988106?
True
Is 525 a factor of 61118378?
False
Is 98685920 a multiple of 23?
False
Is 53 a factor of 653387816?
True
Does 159 divide 72924873?
True
Does 23 divide 6151572?
False
Does 3 divide 80648518?
False
Does 742 divide 150670143?
False
Does 2 divide 80171139?
False
Is 78296485 a multiple of 1345?
True
Does 38 divide 3457350846?
True
Is 23351043 a multiple of 1201?
True
Is 6934 a factor of 2604410400?
True
Does 15 divide 215103690?
True
Does 353 divide 369964827?
True
Does 80 divide 779259821?
False
Is 569362492 a multiple of 72?
False
Is 23633417 a multiple of 1134?
False
Does 7661 divide 1881970616?
True
Is 150 a factor of 7291050?
True
Does 7272 divide 304544088?
True
Is 163 a factor of 12877652?
True
Does 4 divide 48257287?
False
Does 34 divide 286974578?
False
Is 1118 a factor of 58099007?
False
Is 101 a factor of 434259308?
False
Is 150734675 a multiple of 295?
True
Does 193 divide 19463267?
False
Is 91743461 even?
False
Is 3016182 a multiple of 13?
True
Is 14650668 a multiple of 333?
True
Is 2209344018 a multiple of 846?
False
Does 789 divide 614114706?
False
Is 1754571 a multiple of 273?
True
Is 1502 a factor of 120634833?
False
Is 16 a factor of 7342256?
True
Is 1064 a factor of 37345336?
True
Is 17304819 a multiple of 38?
False
Does 39 divide 291942966?
False
Is 1925 a factor of 111857686?
False
Does 1800 divide 251544064?
False
Is 162 a factor of 9551196?
True
Is 23110265 a multiple of 28?
False
Does 51 divide 16560346?
False
Does 2893 divide 204689381?
False
Is 40 a factor of 195834236?
False
Is 16 a factor of 82499200?
True
Is 138 a factor of 2743160?
False
Is 162 a factor of 31346514?
True
Is 3245536 a multiple of 112?
True
Does 227 divide 74603371?
False
Is 3166 a factor of 3674569360?
False
Is 22 a factor of 307427551?
False
Does 14 divide 2783592?
True
Does 12 divide 1188492?
True
Is 61192090 a multiple of 41?
True
Is 14901164 a multiple of 645?
False
Is 157 a factor of 1078531753?
True
Is 1260 a factor of 76927905?
False
Does 805 divide 270759335?
True
Is 100169284 a multiple of 22?
False
Is 356 a factor of 13881152?
True
Is 394 a factor of 106730410?
False
Is 199041392 a multiple of 5683?
True
Is 84 a factor of 153736019?
False
Is 1268 a factor of 718794795?
False
Is 75131092 a multiple of 1292?
True
Is 199916080 a multiple of 7280?
True
Is 20 a factor of 229431542?
False
Does 336 divide 22473696?
True
Is 21 a factor of 605689092?
False
Does 16 divide 1977055472?
True
Is 7087571 a multiple of 4?
False
Is 664 a factor of 838632?
True
Is 832409510 a multiple of 31?
False
Is 696 a factor of 25463856?
True
Is 72750844 a multiple of 435?
False
Is 4 a factor of 15759503?
False
Is 461929 a multiple of 70?
False
Does 231 divide 81238741?
False
Is 360124984 a multiple of 6703?
False
Is 194069144 a multiple of 128?
False
Is 2496784560 a multiple of 45?
False
Is 607158944 a multiple of 5?
False
Does 46 divide 1492622347?
False
Is 4 a factor of 54603747?
False
Does 13 divide 34547568?
False
Is 605396894 a multiple of 423?
False
Is 1706887473 a multiple of 150?
False
Is 272593028 a multiple of 441?
False
Does 8305 divide 582271855?
True
Is 2979002 a multiple of 23?
False
Is 3648444 a multiple of 151?
False
Is 14407794 a multiple of 162?
True
Does 16 divide 231313680?
True
Is 2672937777 a multiple of 3966?
False
Does 132 divide 858704743?
False
Is 156463209 a multiple of 4?
False
Does 240 divide 874715280?
True
Is 22 a factor of 61296796?
True
Is 2675959 a multiple of 384?
False
Is 4046635440 a multiple of 18?
True
Is 21709189 a multiple of 3?
False
Is 226 a factor of 491114498?
True
Is 329058910 a multiple of 19?
True
Is 13 a factor of 29038954?
False
Does 20 divide 133892980?
True
Does 488 divide 143013792?
False
Does 61 divide 1754847220?
False
Does 597 divide 32857686?
True
Is 274535194 a multiple of 796?
False
Is 1246 a factor of 1015234570?
True
Does 4788 divide 1674017814?
False
Is 18 a factor of 285822180?
True
Is 36 a factor of 44891424?
True
Is 8025467 a multiple of 44?
False
Does 41 divide 28595928?
False
Is 33869878 a multiple of 7?
True
Is 172835430 a multiple of 102?
True
Is 13 a factor of 235267885?
False
Is 312042527 a multiple of 1545?
False
Does 48 divide 24807552?
True
Is 17199130 a multiple of 169?
True
Is 1612766385 a multiple of 108?
False
Is 132970800 a multiple of 29?
True
Does 33 divide 24889673?
False
Is 6 a factor of 15794190?
True
Does 10 divide 921983460?
True
Is 1249451962 a multiple of 341?
True
Is 31 a factor of 86464279?
False
Is 1074 a factor of 5009136?
True
Does 199 divide 1587622?
True
Does 5 divide 86579150?
True
Does 1321 divide 911102947?
True
Is 567 a factor of 593987499?
True
Is 228410390 a multiple of 23?
False
Does 271 divide 6947356?
True
Is 13 a factor of 2953896543?
True
Is 129735500 a multiple of 250?
True
Does 1128 divide 578843946?
False
Is 132 a factor of 807643301?
False
Is 16947663 a multiple of 46?
False
Is 849442080 a multiple of 1340?
True
Is 13985450 a multiple of 514?
False
Does 3514 divide 22092518?
True
Does 341 divide 8628323?
True
Is 